the remainder when 1037 is divided by 65?
62
Calculate the remainder when 2376 is divided by 324.
108
What is the remainder when 1986 is divided by 17?
14
What is the remainder when 290 is divided by 33?
26
What is the remainder when 233 is divided by 39?
38
Calculate the remainder when 394 is divided by 157.
80
Calculate the remainder when 2580 is divided by 68.
64
What is the remainder when 871 is divided by 146?
141
What is the remainder when 1455 is divided by 31?
29
Calculate the remainder when 1812 is divided by 121.
118
Calculate the remainder when 199 is divided by 51.
46
Calculate the remainder when 900 is divided by 35.
25
Calculate the remainder when 62 is divided by 9.
8
Calculate the remainder when 63 is divided by 30.
3
What is the remainder when 718 is divided by 15?
13
What is the remainder when 1138 is divided by 57?
55
What is the remainder when 172 is divided by 17?
2
Calculate the remainder when 402 is divided by 27.
24
Calculate the remainder when 403 is divided by 29.
26
Calculate the remainder when 5609 is divided by 2802.
5
Calculate the remainder when 3718 is divided by 73.
68
What is the remainder when 51 is divided by 26?
25
Calculate the remainder when 629 is divided by 63.
62
What is the remainder when 711 is divided by 17?
14
Calculate the remainder when 141 is divided by 20.
1
Calculate the remainder when 9 is divided by 7.
2
What is the remainder when 2082 is divided by 14?
10
What is the remainder when 99 is divided by 26?
21
What is the remainder when 2382 is divided by 148?
14
What is the remainder when 1117 is divided by 59?
55
What is the remainder when 226 is divided by 117?
109
What is the remainder when 474 is divided by 28?
26
What is the remainder when 210 is divided by 111?
99
Calculate the remainder when 154 is divided by 61.
32
Calculate the remainder when 217 is divided by 46.
33
What is the remainder when 463 is divided by 29?
28
Calculate the remainder when 1240 is divided by 27.
25
What is the remainder when 40 is divided by 21?
19
What is the remainder when 342 is divided by 12?
6
What is the remainder when 812 is divided by 200?
12
What is the remainder when 456 is divided by 48?
24
Calculate the remainder when 377 is divided by 216.
161
What is the remainder when 66 is divided by 17?
15
What is the remainder when 425 is divided by 78?
35
What is the remainder when 145 is divided by 75?
70
Calculate the remainder when 684 is divided by 104.
60
What is the remainder when 1985 is divided by 71?
68
What is the remainder when 3619 is divided by 277?
18
What is the remainder when 80 is divided by 44?
36
Calculate the remainder when 69 is divided by 9.
6
Calculate the remainder when 11 is divided by 4.
3
What is the remainder when 409 is divided by 40?
9
What is the remainder when 71 is divided by 18?
17
What is the remainder when 43998 is divided by 125?
123
What is the remainder when 65 is divided by 19?
8
Calculate the remainder when 225 is divided by 64.
33
What is the remainder when 6900 is divided by 58?
56
What is the remainder when 1620 is divided by 14?
10
What is the remainder when 316 is divided by 301?
15
Calculate the remainder when 266 is divided by 28.
14
Calculate the remainder when 120 is divided by 39.
3
Calculate the remainder when 41 is divided by 34.
7
What is the remainder when 790 is divided by 72?
70
Calculate the remainder when 118 is divided by 31.
25
Calculate the remainder when 4108 is divided by 257.
253
Calculate the remainder when 1614 is divided by 20.
14
What is the remainder when 174 is divided by 102?
72
Calculate the remainder when 214 is divided by 67.
13
What is the remainder when 42 is divided by 24?
18
Calculate the remainder when 501 is divided by 423.
78
Calculate the remainder when 7758 is divided by 40.
38
Calculate the remainder when 711 is divided by 8.
7
Calculate the remainder when 316 is divided by 80.
76
Calculate the remainder when 304 is divided by 27.
7
Calculate the remainder when 41 is divided by 24.
17
What is the remainder when 1294 is divided by 27?
25
Calculate the remainder when 297 is divided by 14.
3
What is the remainder when 382 is divided by 26?
18
Calculate the remainder when 632 is divided by 143.
60
Calculate the remainder when 265 is divided by 121.
23
Calculate the remainder when 11133 is divided by 12.
9
What is the remainder when 1087 is divided by 36?
7
Calculate the remainder when 401 is divided by 15.
11
Calculate the remainder when 14 is divided by 11.
3
What is the remainder when 169 is divided by 34?
33
Calculate the remainder when 201 is divided by 96.
9
What is the remainder when 943 is divided by 11?
8
Calculate the remainder when 143 is divided by 54.
35
What is the remainder when 477 is divided by 117?
9
Calculate the remainder when 88 is divided by 43.
2
Calculate the remainder when 3225 is divided by 4.
1
Calculate the remainder when 962 is divided by 35.
17
What is the remainder when 331 is divided by 38?
27
What is the remainder when 809 is divided by 29?
26
Calculate the remainder when 3847 is divided by 35.
32
What is the remainder when 60 is divided by 6?
0
What is the remainder when 2834 is divided by 43?
39
What is the remainder when 4081 is divided by 43?
39
What is the remainder when 237 is divided by 75?
12
What is the remainder when 400 is divided by 101?
97
Calculate the remainder when 67 is divided by 15.
7
Calculate the remainder when 431 is divided by 7.
4
Calculate the remainder when 326 is divided by 77.
18
Calculate the remainder when 19 is divided by 17.
2
Calculate the remainder when 593 is divided by 149.
146
Calculate the remainder when 469 is divided by 16.
5
What is the remainder when 555 is divided by 182?
9
What is the remainder when 762 is divided by 38?
2
Calculate the remainder when 603 is divided by 8.
3
Calculate the remainder when 103 is divided by 50.
3
Calculate the remainder when 8539 is divided by 73.
71
Calculate the remainder when 1763 is divided by 84.
83
Calculate the remainder when 160 is divided by 27.
25
What is the remainder when 3603 is divided by 78?
15
Calculate the remainder when 374 is divided by 20.
14
What is the remainder when 167 is divided by 24?
23
What is the remainder when 160 is divided by 33?
28
What is the remainder when 1026 is divided by 209?
190
Calculate the remainder when 608 is divided by 258.
92
What is the remainder when 570 is divided by 156?
102
What is the remainder when 959 is divided by 238?
7
What is the remainder when 4159 is divided by 32?
31
What is the remainder when 679 is divided by 38?
33
Calculate the remainder when 1382 is divided by 264.
62
Calculate the remainder when 175 is divided by 16.
15
What is the remainder when 793 is divided by 195?
13
Calculate the remainder when 1284 is divided by 11.
8
What is the remainder when 542 is divided by 16?
14
What is the remainder when 871 is divided by 362?
147
Calculate the remainder when 293 is divided by 83.
44
Calculate the remainder when 3372 is divided by 25.
22
Calculate the remainder when 114 is divided by 31.
21
Calculate the remainder when 2912 is divided by 1454.
4
What is the remainder when 2089 is divided by 38?
37
Calculate the remainder when 50 is divided by 8.
2
Calculate the remainder when 125 is divided by 7.
6
What is the remainder when 596 is divided by 81?
29
What is the remainder when 1905 is divided by 6?
3
What is the remainder when 206 is divided by 23?
22
What is the remainder when 13383 is divided by 291?
288
Calculate the remainder when 1004 is divided by 21.
17
Calculate the remainder when 36377 is divided by 86.
85
Calculate the remainder when 63 is divided by 20.
3
What is the remainder when 285 is divided by 80?
45
What is the remainder when 756 is divided by 53?
14
What is the remainder when 301 is divided by 38?
35
Calculate the remainder when 1309 is divided by 271.
225
What is the remainder when 252 is divided by 96?
60
Calculate the remainder when 216 is divided by 98.
20
What is the remainder when 1085 is divided by 74?
49
What is the remainder when 571 is divided by 25?
21
Calculate the remainder when 229 is divided by 18.
13
Calculate the remainder when 215 is divided by 59.
38
Calculate the remainder when 215 is divided by 154.
61
Calculate the re